*b - 3*i + 3 = 51. What is the tens digit of b?
1
Suppose -3*c + 64 = 2*t + 2*t, -t = -3*c - 1. Suppose -3*j + 2*j = -f + 1, f + 2*j = t. Suppose f*k - 14 = 101. What is the units digit of k?
3
Let j(s) = -2*s**2 - s - 2. Let u be j(3). Let m = u - -60. What is the units digit of m?
7
Suppose -5*b + 12 + 4 = 2*y, 3*b = 3*y - 24. Let n = y - 8. Suppose -4*o + 2*d = -96, 2*o - 56 = -n*d + 3*d. What is the tens digit of o?
2
Suppose 10 + 0 = 2*a. Suppose -v + 5 = -27. Suppose 3*m = 3*p - 201, 3*p - v = a*m + 171. What is the units digit of p?
6
Suppose 0 = 3*o - 12, 0 = -5*c - 4*o + 5069 + 20362. What is the hundreds digit of c?
0
Let l be 0 + (-6)/10 - (-13176)/135. Suppose 5*q + 291 = 3*k, k + 0*q + 5*q = l. What is the units digit of k?
7
Let s(r) = r**3 - 10*r**2 + 7*r + 21. Let a be s(9). Suppose 5*t - 4 - 11 = 0. Suppose -p + 4 = t*p - 2*u, 3*p - a = -5*u. What is the units digit of p?
1
Suppose 0 = -7*z - 562 - 782. Let u = z - -406. What is the units digit of u?
4
Suppose -467 = -3*x + 2*x. Suppose s = 3*z - 0*s - x, -4*s + 160 = z. What is the hundreds digit of z?
1
Let k(x) = 2*x**3 - 2*x**2 - 4*x + 4. Suppose l + 8 + 3 = -3*w, 0 = 4*l - w - 21. What is the units digit of k(l)?
4
Let u = -1245 + 2002. What is the tens digit of u?
5
Let r(d) = -2*d - 2. Let b be r(-7). What is the units digit of (-4)/(-2) + -4*(-726)/b?
4
Suppose 0 = -4*d - 95 + 1283. What is the hundreds digit of d?
2
Let i(y) = 386*y**2 + 2. Let n be i(-1). Suppose -7*p + n = -3*p. What is the units digit of p?
7
What is the hundreds digit of (-4 - (-32)/6)/(6/16443)?
6
Suppose 0 = p - 0*p + 4. Let f be 3*2*(-2)/p. Suppose x - 24 = -f*x. What is the units digit of x?
6
Let s(y) = -35*y + 2. Let t be 4/(-26) - ((-250)/65)/(-1). What is the hundreds digit of s(t)?
1
Let p = 3 - -7. Suppose p = -k + 5*a, -2*k + 5*a - 4 = 1. Suppose 25 = 3*j - 4*q, k*q + 23 = 3*j - 0*q. What is the units digit of j?
1
Let d(k) = 2*k**3 + 6*k**2 + 2*k + 2. Let p(y) = y**3 + y. Let z(t) = -d(t) + 3*p(t). Let w be z(6). What is the units digit of (-12)/w*(-2)/3?
2
Suppose -2*x - 3*x = -4*h + 60, x + 4 = 0. What is the units digit of 204/h + (-28)/70?
0
Let o(p) = -4*p**3 - 2*p**2 + 2*p. Let y be (-10)/(-20) - 5/(-2). Let w = y + -5. What is the tens digit of o(w)?
2
Suppose 1 = 2*k - 5. Let n(u) = 1. Let b(h) = -h**3 + 8*h**2 - 2*h - 8. Let q(w) = b(w) + 4*n(w). What is the tens digit of q(k)?
3
Suppose -2*f + 767 = 3*b, -2*f + 471 = 2*b - 41. What is the tens digit of b?
5
Let q be 4/(-6) + 9595/15. Suppose -8*z - z = -q. What is the units digit of z?
1
Let x = 16 + -2. Let c = x - -42. What is the units digit of c?
6
Let q(j) = -j + 18. Let i be q(-9). Let x = i - -32. What is the units digit of x?
9
Suppose 0 = 4*b + 137 - 349. What is the units digit of b?
3
What is the tens digit of 2424*35/224*8?
3
Suppose 0 = 3*d - 2*d - 43. Suppose 3*c - 3*q - 4 = 5, -12 = -3*c + 4*q. Suppose c*s - s = -d. What is the units digit of s?
3
Suppose -12*o = -13*o + 968. What is the tens digit of o?
6
Suppose 29*n = 58841 + 5626. What is the units digit of n?
3
What is the units digit of (790*(-2 + 7 - 6))/(-2)?
5
Let p = -296 - -194. Let a = p + 238. What is the tens digit of a?
3
Suppose 0*b + 12 = 4*y + 3*b, -4 = 5*y - b. Suppose y = -13*i - 307 + 840. What is the units digit of i?
1
Let c(u) = -u**3 + 12*u**2 + 14*u + 19. Let b be c(13). Let j be 3/(-2)*b/12. What is the tens digit of 1/j + (-194)/(-8)?
2
Suppose -406*a + 96764 = -372*a. What is the units digit of a?
6
Suppose -2*l = l. What is the units digit of ((-185)/(-5))/1 - l?
7
Suppose 0 = t + 2 - 6. Suppose 7 = -t*a - 3*y + 19, 4*a - 4 = -y. Suppose 0 = -a*h + 2*h - 10. What is the units digit of h?
5
Suppose 0 = 3*y + 5*d - 304, -3*d + 5*d = 4*y - 440. What is the units digit of y?
8
Let v be 16/(-6)*(-3)/(-2). Let m be (v/(-14))/(1/14). Suppose -t = -x + m, -7 - 11 = -3*x + 5*t. What is the units digit of x?
1
Let f = 43 + -44. Let l(b) = -101*b + 1. What is the units digit of l(f)?
2
Suppose 6*h - 10 = h. Suppose -4*r - 4*c = -0*r - 164, 4*r - h*c - 158 = 0. What is the tens digit of r?
4
Suppose 0 = 5*y + 112 + 93. Let q = y - -68. What is the tens digit of q?
2
Let f(s) = 13*s + 239. What is the hundreds digit of f(25)?
5
Let q(b) = -2*b + 5 + 2*b - b. Let t(h) = -h**2 - 5*h - 5. Let z be t(-6). What is the tens digit of q(z)?
1
Let l be (-4)/10 - (-84)/10. Suppose 2 = r + l. What is the tens digit of (-4)/r*(-102)/(-4)?
1
Let t(p) be the third derivative of p**4 - p**3/3 + 5*p**2. What is the tens digit of t(1)?
2
Let l = 1449 + -32. What is the tens digit of l?
1
Let c(o) = 534*o - 717. What is the tens digit of c(7)?
2
Let i be (-3500)/(-36) + (-2)/9. Suppose 6*v - v + 4*m - 415 = 0, v - 2*m = i. What is the tens digit of v?
8
Let z(q) = q**2. Let n be z(0). Suppose n = -4*p - 0*p + 272. Suppose -2*w - 3*w + 3*y = -83, -2*y = -4*w + p. What is the tens digit of w?
1
Let v(s) = s**3 + 10*s**2 + 10*s + 11. Suppose -2*t = -7*t. Suppose -5*f - 45 + 0 = t. What is the units digit of v(f)?
2
Suppose c - y = 1 - 6, -2*y = -4*c - 16. What is the tens digit of ((-264)/10)/(c/45*3)?
3
Let g(x) = -x**2 + 36*x - 9. Let r be g(16). Suppose 3*w - 419 = -2*q, -4*w + 5*q = -2*w - r. What is the hundreds digit of w?
1
Let r = -79 + 114. Let f = r - 31. Suppose 3*z + 43 = h + h, 0 = -f*h - 3*z + 59. What is the units digit of h?
7
Let w(j) = j**2 - 7*j + 9. Let b be w(7). Let a = b + -9. What is the tens digit of 25 - (a + (-1 - -1))?
2
Suppose 2*f = -u + 110, -u - 3*f + 107 = 2. What is the units digit of u/(-6)*((-36)/5)/2?
2
Let u(i) = -i**2 - 7*i - 3. Let d be u(-6). Suppose d = -q - 5. What is the units digit of (q/6)/(8/(-12))?
2
Suppose 0 = 14*w - 1448 - 27784. What is the tens digit of w?
8
Suppose -1041*x = -1032*x - 4230. What is the units digit of x?
0
Suppose 7750 = 4*d + 10*q - 13*q, 3*q = 5*d - 9689. What is the units digit of d?
9
Let n(t) = -t**3 - 5*t**2 - 3*t - 6. Let u be n(-4). Let d = u + 14. What is the tens digit of 19/(d/12*3)?
1
Suppose -w + 72 = -3*g, w = -g - 0*g + 52. What is the tens digit of (-2)/5*(2 - w)?
2
Suppose 3*b + 2*c = 755, -2*b + 2*c - 257 = -3*b. What is the hundreds digit of b?
2
Let n(f) = f**3 - 5*f**2 + 6. Let o be n(4). What is the units digit of o*1/((-6)/33)?
5
Suppose -f = -5*r + 9, -4*f + 11 = 3*r + f. Let m(a) = -a. Let x be m(-4). Suppose 2*v - x*v = -r*y - 20, -5*v = -3*y - 48. What is the units digit of v?
9
Let y = 19 - 17. Suppose y*c - 4 = 0, 4*n + 0*c + 94 = 5*c. Let z = 35 + n. What is the units digit of z?
4
What is the hundreds digit of 520/156*(-8616)/(-10)?
8
Suppose 6*o - 3*o - 219 = 0. Suppose -7*h - o + 339 = 0. What is the tens digit of h?
3
Let j = -528 - -1626. What is the units digit of j?
8
Let q(s) = 3*s**2 + 27*s - 43. Let n be q(-21). Let z = n + -498. What is the hundreds digit of z?
2
Let o = -2013 - -3666. What is the units digit of o?
3
Let h = 2 + -8. Let o = h + 8. What is the units digit of o/(4/(-24)*-2)?
6
Let a(j) = j**3 - 13*j**2 + 11*j + 16. Suppose c = -2*s + 24, -5*s - 3*c + 2 + 58 = 0. What is the units digit of a(s)?
4
What is the tens digit of (-2)/((-6)/21) - -4411?
1
Let i(n) = -2*n**3 - 7*n**2 + 7*n - 10. Let x be i(-7). Suppose 4*k - x = -4*h, -4*k = -2*h - 54 + 190. What is the tens digit of h?
7
Suppose a = n - 65 - 65, 0 = -n + 4*a + 130. Suppose 0 = 2*s - n - 36. What is the units digit of s?
3
Let z = -91 + 100. What is the units digit of z?
9
Suppose -26 + 5 = -3*o. Let q be 1 - (o*-6)/3. Suppose -2*z - q = -5*z. What is the units digit of z?
5
Let v = 537 - 382. Suppose -5*a - v = -3*l, 2*a - 167 = -3*l + a. Suppose -l = -2*q - 19. What is the units digit of q?
8
Let a(k) = -6 + 11 + 8*k - 2 + 14. Let u(n) = -9*n - 18. Let g(s) = 5*a(s) + 4*u(s). What is the units digit of g(9)?
9
Let v(u) = -u - 7. Let k be v(-13). Let z(a) = 3*a - 13. Let t be z(k). Suppose h = -5*c + 55, t*c - 20 = c. What is the units digit of h?
0
Let n = -44 - -22. Let w = 28 + n. Suppose 0*h + 2*h - w = 0. What is the units digit of h?
3
Suppose -3*f = -4*f. Suppose -4*b = -f*b. Suppose b - 2 = -l. What is the units digit of l?
2
Suppose 0*t = -3*t + 9. Suppose -3*v + 2*g = -61, t*v = -2*v - 5*g + 110. Suppose v*k = 16*k + 185. What is the units digit of k?
7
Let y(x) = 3*x